13, what is 31 - 199057?
-199026
In base 3, what is -2 - 11210102002220000?
-11210102002220002
In base 9, what is 0 - 5568464?
-5568464
In base 4, what is 13333 - 102200132?
-102120133
In base 9, what is -250748187 - 3?
-250748201
In base 15, what is 7 + 3bd517?
3bd51e
In base 2, what is -100111110000000010 + -10110110100?
-101000000110110110
In base 3, what is 10001022020120 - -101?
10001022020221
In base 3, what is 20100012 - -11211100?
102011112
In base 4, what is 31301223320333 - -10?
31301223321003
In base 16, what is -4 + -26db80?
-26db84
In base 15, what is -140 - 2a84e?
-2a98e
In base 9, what is -4 + -341742560?
-341742564
In base 15, what is 12db + -693d?
-5652
In base 4, what is -120110330 + -11?
-120111001
In base 3, what is -21010101020211002 + 21?
-21010101020210211
In base 6, what is 423115 - -121?
423240
In base 10, what is 6251 + 3835?
10086
In base 16, what is 35c - 8ae5?
-8789
In base 14, what is -86659 + -b?
-86666
In base 4, what is 330033 - 332?
323101
In base 2, what is 1010110010001100100100111 - 100?
1010110010001100100100011
In base 6, what is -2320332223 - -1?
-2320332222
In base 6, what is 1353030 + -1042?
1351544
In base 4, what is 0 + -12122321300?
-12122321300
In base 12, what is -28135a797 + 3?
-28135a794
In base 16, what is -207 - -42e3?
40dc
In base 3, what is 102020101011222 - 0?
102020101011222
In base 2, what is -1001 + 101010001111111000?
101010001111101111
In base 13, what is c46b - -1b6?
c654
In base 9, what is -2571 - -513?
-2057
In base 10, what is -33 + 127392?
127359
In base 13, what is 5 - 4b222a4?
-4b2229c
In base 15, what is -88c - 9077e?
-9111b
In base 10, what is 9 - 687147?
-687138
In base 8, what is -30 - 644337?
-644367
In base 14, what is 6 - 10051b?
-100515
In base 2, what is -1001110111 + -10110001010000000011?
-10110001011001111010
In base 13, what is -18b6 - -904?
-cb2
In base 12, what is -84a0 + 5942?
-275a
In base 10, what is -1931088 + -65?
-1931153
In base 8, what is 5342 - 550054?
-542512
In base 12, what is 3 - 3206a150?
-3206a149
In base 8, what is 231433 - 13670?
215543
In base 15, what is -a9836e + -21?
-a98390
In base 4, what is -1 - 13300120002?
-13300120003
In base 15, what is 225d + -3?
225a
In base 2, what is -110101001 - -11000000010001011110?
11000000001010110101
In base 15, what is 3 - -1554056?
1554059
In base 15, what is 63574 - -1?
63575
In base 13, what is -43a1 + 59?
-4345
In base 12, what is 1a41806 - b?
1a417b7
In base 10, what is -25743 + -13261?
-39004
In base 12, what is a363319 - 0?
a363319
In base 14, what is 111703d4 + 6?
111703da
In base 2, what is -1000111101011 + 11001000010?
-101110101001
In base 2, what is 1011011110 - -11000100110100010011?
11000100111111110001
In base 7, what is 1113 - -115520?
116633
In base 12, what is 36b5a + 45?
36ba3
In base 3, what is -10201110001012022 + -10?
-10201110001012102
In base 16, what is -83 + -17655e?
-1765e1
In base 15, what is 3 + -811e38?
-811e35
In base 16, what is -770 - -1e2d?
16bd
In base 6, what is 333210 - -2303?
335513
In base 15, what is 10c2c4 - -73?
10c347
In base 13, what is 36a + -116b8?
-1134b
In base 12, what is 2076 + 9782?
b838
In base 7, what is 562606 - -10521?
603430
In base 7, what is -4 - -633151215?
633151211
In base 13, what is 11 - -14185c4?
1418605
In base 8, what is 0 + 323056722?
323056722
In base 15, what is -5 + 583b9a?
583b95
In base 6, what is -2 - 3554241?
-3554243
In base 5, what is -1 + 2400441121?
2400441120
In base 3, what is -120002 - -2011221102011?
2011220212002
In base 14, what is 64b9b - -10c?
64ca9
In base 14, what is 0 + -4a4dc2?
-4a4dc2
In base 5, what is -30120 - -123024?
42404
In base 7, what is 10250110 - 166?
10246611
In base 13, what is -20a56a + -16?
-20a583
In base 12, what is 5 + -15701651?
-15701648
In base 3, what is 222 - 2021120220200?
-2021120212201
In base 8, what is -64 + 172633?
172547
In base 12, what is -5a1 - 18077?
-18658
In base 10, what is -379 - 409724?
-410103
In base 13, what is -1b3b0b + -142?
-1b3c50
In base 15, what is -6eb - -d6d?
672
In base 7, what is 1233144650 - 20?
1233144630
In base 13, what is -2482 + aa2?
-16b0
In base 15, what is -6 - 52dea?
-52e01
In base 8, what is -33 + 276237?
276204
In base 10, what is -11668 - 18123?
-29791
In base 8, what is 214122274 + 3?
214122277
In base 14, what is -14d + -6573?
-66c2
In base 10, what is 975 + 785?
1760
In base 16, what is 1 + -a457dc?
-a457db
In base 7, what is 1300435 + 3036?
1303504
In base 12, what is -1231 + -1800?
-2a31
In base 7, what is -221 + -1056200?
-1056421
In base 3, what is 122112001 + -1002212212?
-110100211
In base 3, what is -11112 - 1101020220111?
-1101021002000
In base 9, what is -523612540 - -1?
-523612538
In base 14, what is 48 + 3db05?
3db4d
In base 8, what is 25316667 + 2?
25316671
In base 3, what is 2111122211222111211 - 1?
2111122211222111210
In base 7, what is 164 + 202353?
202550
In base 8, what is -14 - -3006172?
3006156
In base 2, what is 11010110100 + 1111111000000100?
10000010010111000
In base 7, what is 300 + 643264?
643564
In base 12, what is 2 - -2a870a?
2a8710
In base 14, what is -15300981 + 2?
-1530097d
In base 12, what is 748a + 2a0?
776a
In base 13, what is 97b4 - -24c1?
bca5
In base 12, what is 168201a + 5?
1682023
In base 16, what is 4 - -a41c9f3?
a41c9f7
In base 5, what is 401 + -123022200?
-123021244
In base 12, what is -6739a - -47?
-67353
In base 6, what is 21323 - 5505?
11414
In base 14, what is -36 - 183602?
-183638
In base 6, what is 43545425450 + -2?
43545425444
In base 14, what is -1a - 670922?
-67093c
In base 3, what is 110221021122012 - 222?
110221021121020
In base 6, what is 111041051 - -5?
111041100
In base 4, what is -3 + 2111012013022?
2111012013013
In base 15, what is -8 - 15295a?
-152963
In base 6, what is 1252510 + -5240?
1243230
In base 14, what is 0 - -38d136?
38d136
In base 8, what is -46263 + -12?
-46275
In base 2, what is 111110101 - 110000001001111101?
-110000000010001000
In base 2, what is 101 + -100010000101001001110?
-100010000101001001001
In base 11, what is -3139819a2 + -1?
-3139819a3
In base 9, what is 2 - 55714384?
-55714382
In base 12, what is -573050 + 19?
-573033
In base 11, what is 3a69 - 3a15?
54
In base 5, what is 100 - -41133030?
41133130
In base 9, what is -1 - 310751?
-310752
In base 8, what is -775274 - -355?
-774717
In base 7, what is 215612533 + -25?
215612505
In base 10, what is -109407 - 515?
-109922
In base 12, what is -7112 + 11b7?
-5b17
In base 9, what is 3064634 + 5?
3064640
In base 3, what is -111122102 + 1100112?
-110021220
In base 8, what is -1023555143 - -1?
-1023555142
In base 15, what is 6 - -2b8b06d?
2b8b074
In base 8, what is -240662 + 116?
-240544
In base 3, what is -101011 + 21220100?
21112012
In base 11, what is -3 - -37444311?
37444309
In base 8, what is -166655 + -22?
-166677
In base 11, what is -272 + -4a7a0?
-4aa62
In base 10, what is 2109 + -40000?
-37891
In base 13, what is 623 - -265b?
2c81
In base 16, what is 13cf2e2 + 4?
13cf2e6
In base 12, what is -370a8 + 1085?
-36023
In base 8, what is 406537 - 4611?
401726
In base 3, what is 101102102101122200 + -2?
101102102101122121
In base 8, what is -142 + 5757?
5615
In base 14, what is 145 + 59d08?
5a04d
In base 2, what is -1110000011001 + -111000000011?
-10101000011100
In base 4, what is -211022 - 122223?
-333311
In base 4, what is 120013 + -1132300?
-1012221
In base 16, what is -a580 + a00?
-9b80
In base 9, what is 8 - 6503611?
-6503602
In base 14, what is 22 + -3b018cd?
-3b018ab
In base 10, what is 6284461 + 4?
6284465
In base 10, what is 52646569 + 14?
52646583
In base 13, what is 139 - 211870?
-211734
In base 14, what is -24072d42 + 4?
-24072d3c
In base 8, what is -3657576 - 44?
-3657642
In base 13, what is 3 + -8601a1?
-86019b
In base 3, what is 221022002120111 + 11?
221022002120122
In base 12, what is 417 - -138069?
138484
In base 11, what is -83268a1 + 34?
-8326868
In base 5, what is 2 - 22401224142?
-22401224140
In base 10, what is -25162370 - 1?
-25162371
In base 12, what is -2 + 112b815?
112b813
In base 12, what is 263369 - 5a?
26330b
In base 12, what is 5 - 2831636?
-2831631
In base 13, what is 0 + 2a33a01?
2a33a01
In base 14, what is -18c9 + -316ab?
-33196
In base 2, what is -1110101001010011 + -1011010000?
-11101101001000